{"id":39,"date":"2021-05-21T19:56:03","date_gmt":"2021-05-21T19:56:03","guid":{"rendered":"http:\/\/deepmix.de\/?page_id=39"},"modified":"2021-12-30T20:33:36","modified_gmt":"2021-12-30T20:33:36","slug":"music-mp3","status":"publish","type":"page","link":"http:\/\/deepmix.de\/?page_id=39","title":{"rendered":"Music MP3"},"content":{"rendered":"\n<p>Hier k\u00f6nnen Sie in die Mixe mal reinh\u00f6ren.<\/p>\n\n\n\n<figure class=\"wp-block-embed-mixcloud wp-block-embed is-type-rich is-provider-mixcloud wp-embed-aspect-9-16 wp-has-aspect-ratio\"><div class=\"wp-block-embed__wrapper\">\n<iframe loading=\"lazy\" title=\"Deep2mix\" width=\"200\" height=\"250\" src=\"https:\/\/www.mixcloud.com\/widget\/follow\/?u=https%3A%2F%2Fwww.mixcloud.com%2Fdeep2mix%2F\" frameborder=\"0\"><\/iframe>\n<\/div><\/figure>\n\n\n\n<p>F\u00fcr den Download bitte Kontakt zu uns aufnehmen. <\/p>\n","protected":false},"excerpt":{"rendered":"<p>Hier k\u00f6nnen Sie in die Mixe mal reinh\u00f6ren. F\u00fcr den Download bitte Kontakt zu uns aufnehmen.<\/p>\n","protected":false},"author":1,"featured_media":0,"parent":0,"menu_order":0,"comment_status":"closed","ping_status":"closed","template":"","meta":{"ngg_post_thumbnail":0},"_links":{"self":[{"href":"http:\/\/deepmix.de\/index.php?rest_route=\/wp\/v2\/pages\/39"}],"collection":[{"href":"http:\/\/deepmix.de\/index.php?rest_route=\/wp\/v2\/pages"}],"about":[{"href":"http:\/\/deepmix.de\/index.php?rest_route=\/wp\/v2\/types\/page"}],"author":[{"embeddable":true,"href":"http:\/\/deepmix.de\/index.php?rest_route=\/wp\/v2\/users\/1"}],"replies":[{"embeddable":true,"href":"http:\/\/deepmix.de\/index.php?rest_route=%2Fwp%2Fv2%2Fcomments&post=39"}],"version-history":[{"count":3,"href":"http:\/\/deepmix.de\/index.php?rest_route=\/wp\/v2\/pages\/39\/revisions"}],"predecessor-version":[{"id":166,"href":"http:\/\/deepmix.de\/index.php?rest_route=\/wp\/v2\/pages\/39\/revisions\/166"}],"wp:attachment":[{"href":"http:\/\/deepmix.de\/index.php?rest_route=%2Fwp%2Fv2%2Fmedia&parent=39"}],"curies":[{"name":"wp","href":"https:\/\/api.w.org\/{rel}","templated":true}]}}